{"id":1687,"date":"2013-09-29T09:35:33","date_gmt":"2013-09-29T09:35:33","guid":{"rendered":"http:\/\/blogsafetop.wordpress.com\/?page_id=1"},"modified":"2020-12-29T14:48:01","modified_gmt":"2020-12-29T14:48:01","slug":"sobre-nosotros","status":"publish","type":"page","link":"https:\/\/blog.safetop.net\/index.php\/sobre-nosotros\/","title":{"rendered":"Sobre nosotros"},"content":{"rendered":"<p><a href=\"http:\/\/www.safetop.net\">Safetop Innovative Protection<\/a>\u00a0es una marca de protecci\u00f3n personal y un proveedor pionero en el sector.<\/p>\n<p>&#8216;Somos fabricantes y distribuidores de equipos de protecci\u00f3n personal. Vendemos toda clase de EPIS a suministros industriales o ferreter\u00edas: gafas, pantallas faciales, m\u00e1scaras, mascarillas o equipos de respiraci\u00f3n, protectores auditivos, cascos de obra, calzado de seguridad, guantes o protecci\u00f3n antica\u00edda como arneses, retr\u00e1ctiles, tr\u00edpodes o accesorios. Ofrecemos un amplio cat\u00e1logo de EPIS y buen precio personalizado por volumen&#8217;<\/p>\n<p>Contacta con nosotros aqu\u00ed<\/p>\n<p>\u00a0<\/p>\n\n","protected":false},"excerpt":{"rendered":"<p>Safetop Innovative Protection\u00a0es una marca de protecci\u00f3n personal y un proveedor pionero en el sector. &#8216;Somos fabricantes y distribuidores de equipos de protecci\u00f3n personal. Vendemos toda clase de EPIS a suministros industriales o ferreter\u00edas: gafas, pantallas faciales, m\u00e1scaras, mascarillas o equipos de respiraci\u00f3n, protectores auditivos, cascos de obra, calzado de seguridad, guantes o protecci\u00f3n antica\u00edda [&hellip;]<\/p>\n","protected":false},"author":1,"featured_media":2041,"parent":0,"menu_order":0,"comment_status":"open","ping_status":"closed","template":"","meta":{"footnotes":""},"class_list":["post-1687","page","type-page","status-publish","has-post-thumbnail","hentry"],"yoast_head":"<!-- This site is optimized with the Yoast SEO plugin v23.9 - https:\/\/yoast.com\/wordpress\/plugins\/seo\/ -->\n<title>Sobre nosotros - Blog Safetop<\/title>\n<meta name=\"robots\" content=\"index, follow, max-snippet:-1, max-image-preview:large, max-video-preview:-1\" \/>\n<link rel=\"canonical\" href=\"https:\/\/blog.safetop.net\/index.php\/sobre-nosotros\/\" \/>\n<meta property=\"og:locale\" content=\"es_ES\" \/>\n<meta property=\"og:type\" content=\"article\" \/>\n<meta property=\"og:title\" content=\"Sobre nosotros - Blog Safetop\" \/>\n<meta property=\"og:description\" content=\"Safetop Innovative Protection\u00a0es una marca de protecci\u00f3n personal y un proveedor pionero en el sector. &#8216;Somos fabricantes y distribuidores de equipos de protecci\u00f3n personal. Vendemos toda clase de EPIS a suministros industriales o ferreter\u00edas: gafas, pantallas faciales, m\u00e1scaras, mascarillas o equipos de respiraci\u00f3n, protectores auditivos, cascos de obra, calzado de seguridad, guantes o protecci\u00f3n antica\u00edda [&hellip;]\" \/>\n<meta property=\"og:url\" content=\"https:\/\/blog.safetop.net\/index.php\/sobre-nosotros\/\" \/>\n<meta property=\"og:site_name\" content=\"Blog Safetop\" \/>\n<meta property=\"article:publisher\" content=\"https:\/\/www.facebook.com\/Safetop\" \/>\n<meta property=\"article:modified_time\" content=\"2020-12-29T14:48:01+00:00\" \/>\n<meta property=\"og:image\" content=\"https:\/\/blog.safetop.net\/wp-content\/uploads\/2020\/12\/logo-naranja.jpg\" \/>\n\t<meta property=\"og:image:width\" content=\"1855\" \/>\n\t<meta property=\"og:image:height\" content=\"219\" \/>\n\t<meta property=\"og:image:type\" content=\"image\/jpeg\" \/>\n<meta name=\"twitter:card\" content=\"summary_large_image\" \/>\n<meta name=\"twitter:site\" content=\"@safetopepis\" \/>\n<script type=\"application\/ld+json\" class=\"yoast-schema-graph\">{\"@context\":\"https:\/\/schema.org\",\"@graph\":[{\"@type\":\"WebPage\",\"@id\":\"https:\/\/blog.safetop.net\/index.php\/sobre-nosotros\/\",\"url\":\"https:\/\/blog.safetop.net\/index.php\/sobre-nosotros\/\",\"name\":\"Sobre nosotros - Blog Safetop\",\"isPartOf\":{\"@id\":\"https:\/\/blog.safetop.net\/#website\"},\"primaryImageOfPage\":{\"@id\":\"https:\/\/blog.safetop.net\/index.php\/sobre-nosotros\/#primaryimage\"},\"image\":{\"@id\":\"https:\/\/blog.safetop.net\/index.php\/sobre-nosotros\/#primaryimage\"},\"thumbnailUrl\":\"https:\/\/blog.safetop.net\/wp-content\/uploads\/2020\/12\/logo-naranja.jpg\",\"datePublished\":\"2013-09-29T09:35:33+00:00\",\"dateModified\":\"2020-12-29T14:48:01+00:00\",\"breadcrumb\":{\"@id\":\"https:\/\/blog.safetop.net\/index.php\/sobre-nosotros\/#breadcrumb\"},\"inLanguage\":\"es\",\"potentialAction\":[{\"@type\":\"ReadAction\",\"target\":[\"https:\/\/blog.safetop.net\/index.php\/sobre-nosotros\/\"]}]},{\"@type\":\"ImageObject\",\"inLanguage\":\"es\",\"@id\":\"https:\/\/blog.safetop.net\/index.php\/sobre-nosotros\/#primaryimage\",\"url\":\"https:\/\/blog.safetop.net\/wp-content\/uploads\/2020\/12\/logo-naranja.jpg\",\"contentUrl\":\"https:\/\/blog.safetop.net\/wp-content\/uploads\/2020\/12\/logo-naranja.jpg\",\"width\":1855,\"height\":219,\"caption\":\"Logo safetop\"},{\"@type\":\"BreadcrumbList\",\"@id\":\"https:\/\/blog.safetop.net\/index.php\/sobre-nosotros\/#breadcrumb\",\"itemListElement\":[{\"@type\":\"ListItem\",\"position\":1,\"name\":\"Portada\",\"item\":\"https:\/\/blog.safetop.net\/\"},{\"@type\":\"ListItem\",\"position\":2,\"name\":\"Sobre nosotros\"}]},{\"@type\":\"WebSite\",\"@id\":\"https:\/\/blog.safetop.net\/#website\",\"url\":\"https:\/\/blog.safetop.net\/\",\"name\":\"Blog Safetop\",\"description\":\"Safetop-Fabricante y Distribuidor de EPIS\",\"publisher\":{\"@id\":\"https:\/\/blog.safetop.net\/#organization\"},\"potentialAction\":[{\"@type\":\"SearchAction\",\"target\":{\"@type\":\"EntryPoint\",\"urlTemplate\":\"https:\/\/blog.safetop.net\/?s={search_term_string}\"},\"query-input\":{\"@type\":\"PropertyValueSpecification\",\"valueRequired\":true,\"valueName\":\"search_term_string\"}}],\"inLanguage\":\"es\"},{\"@type\":\"Organization\",\"@id\":\"https:\/\/blog.safetop.net\/#organization\",\"name\":\"Safetop\",\"url\":\"https:\/\/blog.safetop.net\/\",\"logo\":{\"@type\":\"ImageObject\",\"inLanguage\":\"es\",\"@id\":\"https:\/\/blog.safetop.net\/#\/schema\/logo\/image\/\",\"url\":\"https:\/\/safetop.net\/blog\/wp-content\/uploads\/2020\/12\/logo-naranja-1.jpg\",\"contentUrl\":\"https:\/\/safetop.net\/blog\/wp-content\/uploads\/2020\/12\/logo-naranja-1.jpg\",\"width\":1855,\"height\":219,\"caption\":\"Safetop\"},\"image\":{\"@id\":\"https:\/\/blog.safetop.net\/#\/schema\/logo\/image\/\"},\"sameAs\":[\"https:\/\/www.facebook.com\/Safetop\",\"https:\/\/x.com\/safetopepis\",\"https:\/\/www.instagram.com\/SafetopEpis\/\",\"https:\/\/www.linkedin.com\/company\/safetop-innovative-protection-s-l-\/\",\"https:\/\/www.youtube.com\/channel\/UCg5YfrDsn7DktHQLe7SqENQ\"]}]}<\/script>\n<!-- \/ Yoast SEO plugin. -->","yoast_head_json":{"title":"Sobre nosotros - Blog Safetop","robots":{"index":"index","follow":"follow","max-snippet":"max-snippet:-1","max-image-preview":"max-image-preview:large","max-video-preview":"max-video-preview:-1"},"canonical":"https:\/\/blog.safetop.net\/index.php\/sobre-nosotros\/","og_locale":"es_ES","og_type":"article","og_title":"Sobre nosotros - Blog Safetop","og_description":"Safetop Innovative Protection\u00a0es una marca de protecci\u00f3n personal y un proveedor pionero en el sector. &#8216;Somos fabricantes y distribuidores de equipos de protecci\u00f3n personal. Vendemos toda clase de EPIS a suministros industriales o ferreter\u00edas: gafas, pantallas faciales, m\u00e1scaras, mascarillas o equipos de respiraci\u00f3n, protectores auditivos, cascos de obra, calzado de seguridad, guantes o protecci\u00f3n antica\u00edda [&hellip;]","og_url":"https:\/\/blog.safetop.net\/index.php\/sobre-nosotros\/","og_site_name":"Blog Safetop","article_publisher":"https:\/\/www.facebook.com\/Safetop","article_modified_time":"2020-12-29T14:48:01+00:00","og_image":[{"width":1855,"height":219,"url":"https:\/\/blog.safetop.net\/wp-content\/uploads\/2020\/12\/logo-naranja.jpg","type":"image\/jpeg"}],"twitter_card":"summary_large_image","twitter_site":"@safetopepis","schema":{"@context":"https:\/\/schema.org","@graph":[{"@type":"WebPage","@id":"https:\/\/blog.safetop.net\/index.php\/sobre-nosotros\/","url":"https:\/\/blog.safetop.net\/index.php\/sobre-nosotros\/","name":"Sobre nosotros - Blog Safetop","isPartOf":{"@id":"https:\/\/blog.safetop.net\/#website"},"primaryImageOfPage":{"@id":"https:\/\/blog.safetop.net\/index.php\/sobre-nosotros\/#primaryimage"},"image":{"@id":"https:\/\/blog.safetop.net\/index.php\/sobre-nosotros\/#primaryimage"},"thumbnailUrl":"https:\/\/blog.safetop.net\/wp-content\/uploads\/2020\/12\/logo-naranja.jpg","datePublished":"2013-09-29T09:35:33+00:00","dateModified":"2020-12-29T14:48:01+00:00","breadcrumb":{"@id":"https:\/\/blog.safetop.net\/index.php\/sobre-nosotros\/#breadcrumb"},"inLanguage":"es","potentialAction":[{"@type":"ReadAction","target":["https:\/\/blog.safetop.net\/index.php\/sobre-nosotros\/"]}]},{"@type":"ImageObject","inLanguage":"es","@id":"https:\/\/blog.safetop.net\/index.php\/sobre-nosotros\/#primaryimage","url":"https:\/\/blog.safetop.net\/wp-content\/uploads\/2020\/12\/logo-naranja.jpg","contentUrl":"https:\/\/blog.safetop.net\/wp-content\/uploads\/2020\/12\/logo-naranja.jpg","width":1855,"height":219,"caption":"Logo safetop"},{"@type":"BreadcrumbList","@id":"https:\/\/blog.safetop.net\/index.php\/sobre-nosotros\/#breadcrumb","itemListElement":[{"@type":"ListItem","position":1,"name":"Portada","item":"https:\/\/blog.safetop.net\/"},{"@type":"ListItem","position":2,"name":"Sobre nosotros"}]},{"@type":"WebSite","@id":"https:\/\/blog.safetop.net\/#website","url":"https:\/\/blog.safetop.net\/","name":"Blog Safetop","description":"Safetop-Fabricante y Distribuidor de EPIS","publisher":{"@id":"https:\/\/blog.safetop.net\/#organization"},"potentialAction":[{"@type":"SearchAction","target":{"@type":"EntryPoint","urlTemplate":"https:\/\/blog.safetop.net\/?s={search_term_string}"},"query-input":{"@type":"PropertyValueSpecification","valueRequired":true,"valueName":"search_term_string"}}],"inLanguage":"es"},{"@type":"Organization","@id":"https:\/\/blog.safetop.net\/#organization","name":"Safetop","url":"https:\/\/blog.safetop.net\/","logo":{"@type":"ImageObject","inLanguage":"es","@id":"https:\/\/blog.safetop.net\/#\/schema\/logo\/image\/","url":"https:\/\/safetop.net\/blog\/wp-content\/uploads\/2020\/12\/logo-naranja-1.jpg","contentUrl":"https:\/\/safetop.net\/blog\/wp-content\/uploads\/2020\/12\/logo-naranja-1.jpg","width":1855,"height":219,"caption":"Safetop"},"image":{"@id":"https:\/\/blog.safetop.net\/#\/schema\/logo\/image\/"},"sameAs":["https:\/\/www.facebook.com\/Safetop","https:\/\/x.com\/safetopepis","https:\/\/www.instagram.com\/SafetopEpis\/","https:\/\/www.linkedin.com\/company\/safetop-innovative-protection-s-l-\/","https:\/\/www.youtube.com\/channel\/UCg5YfrDsn7DktHQLe7SqENQ"]}]}},"post_mailing_queue_ids":[],"_links":{"self":[{"href":"https:\/\/blog.safetop.net\/index.php\/wp-json\/wp\/v2\/pages\/1687","targetHints":{"allow":["GET"]}}],"collection":[{"href":"https:\/\/blog.safetop.net\/index.php\/wp-json\/wp\/v2\/pages"}],"about":[{"href":"https:\/\/blog.safetop.net\/index.php\/wp-json\/wp\/v2\/types\/page"}],"author":[{"embeddable":true,"href":"https:\/\/blog.safetop.net\/index.php\/wp-json\/wp\/v2\/users\/1"}],"replies":[{"embeddable":true,"href":"https:\/\/blog.safetop.net\/index.php\/wp-json\/wp\/v2\/comments?post=1687"}],"version-history":[{"count":4,"href":"https:\/\/blog.safetop.net\/index.php\/wp-json\/wp\/v2\/pages\/1687\/revisions"}],"predecessor-version":[{"id":2055,"href":"https:\/\/blog.safetop.net\/index.php\/wp-json\/wp\/v2\/pages\/1687\/revisions\/2055"}],"wp:featuredmedia":[{"embeddable":true,"href":"https:\/\/blog.safetop.net\/index.php\/wp-json\/wp\/v2\/media\/2041"}],"wp:attachment":[{"href":"https:\/\/blog.safetop.net\/index.php\/wp-json\/wp\/v2\/media?parent=1687"}],"curies":[{"name":"wp","href":"https:\/\/api.w.org\/{rel}","templated":true}]}}